{"id":2,"date":"2016-01-07T17:10:23","date_gmt":"2016-01-07T17:10:23","guid":{"rendered":"http:\/\/www.symbiose.li\/wpsymbiose\/?page_id=2"},"modified":"2021-06-14T16:18:31","modified_gmt":"2021-06-14T15:18:31","slug":"kontakt","status":"publish","type":"page","link":"https:\/\/symbiose.li\/wpsymbiose\/?page_id=2","title":{"rendered":"Kontakt"},"content":{"rendered":"<blockquote>\n<p>Hast du eine Projektidee? Brauchst du ein Gef\u00e4ss um deine Idee wachsen zu lassen? Sprich einfach mit uns.<\/p>\n<\/blockquote>\n<h4>Kontakt<\/h4>\n<p>Coworking Space Vaduz<br \/>Birkenweg 6<br \/>9490 Vaduz<br \/>Tel. +4176 263 66 99<\/p>\n<p>Mail:\u00a0 <a href=\"mailto:gemeinschaft@symbiose.li\">gemeinschaft@symbiose.li<\/a><a href=\"https:\/\/web.archive.org\/web\/20131207040817\/http:\/\/www.symbiose.li\/gemeinschaft\/\"><br \/><\/a>Facebook: <a href=\"https:\/\/www.facebook.com\/SymbioseFL\" target=\"_blank\" rel=\"noopener\">SymbioseFL<\/a><br \/>Twitter: <a href=\"https:\/\/twitter.com\/SymbioseFL\">SymbioseFL<\/a><\/p>\n<p>Michaela: <a href=\"mailto:michaela@symbiose.li\">michaela@symbiose.li<\/a><br \/>Elias: <a href=\"mailto:elias@symbiose.li\">elias@symbiose.li<\/a><\/p>\n<blockquote>\n<p>F\u00fcr eine verbundene und zukunftsf\u00e4hige Gesellschaft im Rheintal ben\u00f6tigen wir Einiges: WoMenpower, Eigeninitaitve und finanzielle Unterst\u00fctzung!<\/p>\n<\/blockquote>\n<div class=\"itemFullText\">\n<h4><strong>Lust am Sinnstiften?<\/strong><\/h4>\n<div>Auf verschiedenste Art kannst du dich bei uns beteiligen:<\/div>\n<div>1) den Verein bei seiner strategischen Entwicklung unterst\u00fctzen<\/div>\n<div>2) in Projekten der Symbiose Gemeinschaft mitarbeiten<\/div>\n<div>3) eigene Ideen im Rahmen der Symbiose Gemeinschaft verwirklichen<\/div>\n<div>4) unsere T\u00e4tigkeiten (finanziell) unterst\u00fctzen<\/div>\n<h5>Bankverbindung<\/h5>\n<p>Verein Symbiose<br \/>Birkenweg 6<br \/>9490 Vaduz<br \/>Liechtensteinische Landesbank<br \/><strong>L I 0 3\u00a0\u00a0\u00a0 0 8 8 0 \u00a0 \u00a0 0 5 4 3 \u00a0 \u00a0 2 0 7 3 \u00a0 \u00a0 1 2 0 1\u00a0\u00a0\u00a0\u00a0 1<\/strong><\/p>\n<\/div>\n\n\n<p><\/p>\n","protected":false},"excerpt":{"rendered":"<p>Hast du eine Projektidee? Brauchst du ein Gef\u00e4ss um deine Idee wachsen zu lassen? Sprich einfach mit uns. Kontakt Coworking Space VaduzBirkenweg 69490 VaduzTel. +4176 263 66 99 Mail:\u00a0 gemeinschaft@symbiose.liFacebook: SymbioseFLTwitter: SymbioseFL Michaela: michaela@symbiose.liElias: elias@symbiose.li F\u00fcr eine verbundene und zukunftsf\u00e4hige&#8230; <a class=\"more-link\" href=\"https:\/\/symbiose.li\/wpsymbiose\/?page_id=2\">Weiterlesen &rarr;<\/a><\/p>\n","protected":false},"author":2,"featured_media":26,"parent":0,"menu_order":0,"comment_status":"closed","ping_status":"closed","template":"template-fullwidth.php","meta":{"footnotes":""},"class_list":["post-2","page","type-page","status-publish","has-post-thumbnail","hentry"],"_links":{"self":[{"href":"https:\/\/symbiose.li\/wpsymbiose\/index.php?rest_route=\/wp\/v2\/pages\/2","targetHints":{"allow":["GET"]}}],"collection":[{"href":"https:\/\/symbiose.li\/wpsymbiose\/index.php?rest_route=\/wp\/v2\/pages"}],"about":[{"href":"https:\/\/symbiose.li\/wpsymbiose\/index.php?rest_route=\/wp\/v2\/types\/page"}],"author":[{"embeddable":true,"href":"https:\/\/symbiose.li\/wpsymbiose\/index.php?rest_route=\/wp\/v2\/users\/2"}],"replies":[{"embeddable":true,"href":"https:\/\/symbiose.li\/wpsymbiose\/index.php?rest_route=%2Fwp%2Fv2%2Fcomments&post=2"}],"version-history":[{"count":11,"href":"https:\/\/symbiose.li\/wpsymbiose\/index.php?rest_route=\/wp\/v2\/pages\/2\/revisions"}],"predecessor-version":[{"id":293,"href":"https:\/\/symbiose.li\/wpsymbiose\/index.php?rest_route=\/wp\/v2\/pages\/2\/revisions\/293"}],"wp:featuredmedia":[{"embeddable":true,"href":"https:\/\/symbiose.li\/wpsymbiose\/index.php?rest_route=\/wp\/v2\/media\/26"}],"wp:attachment":[{"href":"https:\/\/symbiose.li\/wpsymbiose\/index.php?rest_route=%2Fwp%2Fv2%2Fmedia&parent=2"}],"curies":[{"name":"wp","href":"https:\/\/api.w.org\/{rel}","templated":true}]}}